the prime factors of 33884?
2, 43, 197
List the prime factors of 4406.
2, 2203
List the prime factors of 71927.
17, 4231
What are the prime factors of 1407?
3, 7, 67
List the prime factors of 4188.
2, 3, 349
What are the prime factors of 602?
2, 7, 43
List the prime factors of 27080.
2, 5, 677
What are the prime factors of 3337?
47, 71
List the prime factors of 15088.
2, 23, 41
What are the prime factors of 5389?
17, 317
What are the prime factors of 99284?
2, 24821
What are the prime factors of 2296?
2, 7, 41
What are the prime factors of 60622?
2, 17, 1783
List the prime factors of 3931.
3931
What are the prime factors of 1144?
2, 11, 13
List the prime factors of 39695.
5, 17, 467
What are the prime factors of 2003?
2003
What are the prime factors of 21547?
29, 743
What are the prime factors of 420?
2, 3, 5, 7
List the prime factors of 32675.
5, 1307
What are the prime factors of 592?
2, 37
List the prime factors of 1182.
2, 3, 197
List the prime factors of 703.
19, 37
List the prime factors of 109653.
3, 36551
What are the prime factors of 2334?
2, 3, 389
List the prime factors of 983.
983
What are the prime factors of 1573?
11, 13
What are the prime factors of 4736?
2, 37
What are the prime factors of 29244?
2, 3, 2437
List the prime factors of 2269.
2269
What are the prime factors of 893?
19, 47
What are the prime factors of 395?
5, 79
What are the prime factors of 1794?
2, 3, 13, 23
What are the prime factors of 3739?
3739
What are the prime factors of 236?
2, 59
What are the prime factors of 454?
2, 227
List the prime factors of 12640.
2, 5, 79
What are the prime factors of 1243?
11, 113
What are the prime factors of 17520?
2, 3, 5, 73
What are the prime factors of 14060?
2, 5, 19, 37
List the prime factors of 2365.
5, 11, 43
List the prime factors of 2021.
43, 47
What are the prime factors of 968?
2, 11
List the prime factors of 6332.
2, 1583
What are the prime factors of 3405?
3, 5, 227
List the prime factors of 35600.
2, 5, 89
List the prime factors of 630.
2, 3, 5, 7
What are the prime factors of 73290?
2, 3, 5, 7, 349
List the prime factors of 31890.
2, 3, 5, 1063
What are the prime factors of 310?
2, 5, 31
What are the prime factors of 2204?
2, 19, 29
List the prime factors of 28216.
2, 3527
What are the prime factors of 536?
2, 67
What are the prime factors of 1825?
5, 73
What are the prime factors of 8120?
2, 5, 7, 29
What are the prime factors of 29968?
2, 1873
List the prime factors of 10246.
2, 47, 109
List the prime factors of 610.
2, 5, 61
List the prime factors of 38263.
83, 461
List the prime factors of 1405.
5, 281
What are the prime factors of 580?
2, 5, 29
What are the prime factors of 1876?
2, 7, 67
What are the prime factors of 1594?
2, 797
What are the prime factors of 1178?
2, 19, 31
What are the prime factors of 1461?
3, 487
List the prime factors of 7112.
2, 7, 127
List the prime factors of 1898.
2, 13, 73
What are the prime factors of 1106?
2, 7, 79
List the prime factors of 22189.
22189
What are the prime factors of 2215?
5, 443
What are the prime factors of 118211?
118211
What are the prime factors of 1468?
2, 367
What are the prime factors of 54933?
3, 18311
List the prime factors of 9334.
2, 13, 359
What are the prime factors of 4277?
7, 13, 47
What are the prime factors of 26993?
26993
What are the prime factors of 283?
283
What are the prime factors of 9904?
2, 619
What are the prime factors of 17382?
2, 3, 2897
List the prime factors of 12633.
3, 4211
List the prime factors of 2667.
3, 7, 127
List the prime factors of 2976.
2, 3, 31
List the prime factors of 495.
3, 5, 11
What are the prime factors of 12141?
3, 19, 71
What are the prime factors of 34934?
2, 17467
What are the prime factors of 2168?
2, 271
List the prime factors of 3758.
2, 1879
List the prime factors of 2118.
2, 3, 353
What are the prime factors of 676?
2, 13
What are the prime factors of 3650?
2, 5, 73
List the prime factors of 582.
2, 3, 97
What are the prime factors of 4603?
4603
List the prime factors of 492.
2, 3, 41
List the prime factors of 50416.
2, 23, 137
What are the prime factors of 442?
2, 13, 17
What are the prime factors of 573?
3, 191
List the prime factors of 148.
2, 37
What are the prime factors of 3695?
5, 739
List the prime factors of 3593.
3593
List the prime factors of 131963.
13, 10151
What are the prime factors of 9261?
3, 7
What are the prime factors of 9486?
2, 3, 17, 31
List the prime factors of 2656.
2, 83
What are the prime factors of 1564?
2, 17, 23
What are the prime factors of 86353?
86353
What are the prime factors of 1059?
3, 353
What are the prime factors of 1730?
2, 5, 173
List the prime factors of 75774.
2, 3, 73, 173
List the prime factors of 3592.
2, 449
List the prime factors of 1816.
2, 227
What are the prime factors of 796?
2, 199
List the prime factors of 2255.
5, 11, 41
List the prime factors of 4337.
4337
List the prime factors of 413.
7, 59
What are the prime factors of 584?
2, 73
List the prime factors of 15976.
2, 1997
List the prime factors of 4575.
3, 5, 61
What are the prime factors of 6564?
2, 3, 547
List the prime factors of 19142.
2, 17, 563
List the prime factors of 15998.
2, 19, 421
List the prime factors of 34172.
2, 8543
What are the prime factors of 95595?
3, 5, 6373
What are the prime factors of 59656?
2, 7457
List the prime factors of 57919.
17, 3407
List the prime factors of 1260.
2, 3, 5, 7
List the prime factors of 123.
3, 41
What are the prime factors of 25056?
2, 3, 29
List the prime factors of 3214.
2, 1607
List the prime factors of 51383.
51383
What are the prime factors of 2550?
2, 3, 5, 17
List the prime factors of 20796.
2, 3, 1733
List the prime factors of 12346.
2, 6173
List the prime factors of 981.
3, 109
List the prime factors of 104933.
104933
List the prime factors of 4284.
2, 3, 7, 17
What are the prime factors of 5194?
2, 7, 53
What are the prime factors of 1050?
2, 3, 5, 7
What are the prime factors of 13124?
2, 17, 193
List the prime factors of 3866.
2, 1933
What are the prime factors of 4511?
13, 347
List the prime factors of 135.
3, 5
List the prime factors of 1673.
7, 239
List the prime factors of 4170.
2, 3, 5, 139
What are the prime factors of 17251?
13, 1327
What are the prime factors of 36366?
2, 3, 11, 19, 29
List the prime factors of 93441.
3, 31147
What are the prime factors of 870?
2, 3, 5, 29
What are the prime factors of 6585?
3, 5, 439
What are the prime factors of 606?
2, 3, 101
What are the prime factors of 1842?
2, 3, 307
What are the prime factors of 23885?
5, 17, 281
List the prime factors of 89856.
2, 3, 13
List the prime factors of 10012.
2, 2503
List the prime factors of 12777.
3, 4259
List the prime factors of 26684.
2, 7, 953
List the prime factors of 11933.
11933
List the prime factors of 27613.
53, 521
What are the prime factors of 80982?
2, 3, 11, 409
What are the prime factors of 515?
5, 103
What are the prime factors of 2453?
11, 223
What are the prime factors of 56642?
2, 127, 223
List the prime factors of 3821.
3821
What are the prime factors of 2198?
2, 7, 157
What are the prime factors of 302?
2, 151
List the prime factors of 94.
2, 47
List the prime factors of 132300.
2, 3, 5, 7
What are the prime factors of 555?
3, 5, 37
List the prime factors of 106686.
2, 3, 5927
List the prime factors of 4190.
2, 5, 419
What are the prime factors of 23390?
2, 5, 2339
List the prime factors of 27355.
5, 5471
What are the prime factors of 30?
2, 3, 5
What are the prime factors of 2995?
5, 599
What are the prime factors of 258?
2, 3, 43
What are the prime factors of 708?
2, 3, 59
List the prime factors of 16355.
5, 3271
List the prime factors of 186.
2, 3, 31
What are the prime factors of 46263?
3, 7, 2203
What are the prime factors of 542?
2, 271
What are the prime factors of 6591?
3, 13
What are the prime factors of 11474?
2, 5737
What are the prime factors of 1158?
2, 3, 193
What are the prime factors of 2229?
3, 743
What are the prime factors of 1604?
2, 401
What are the prime factors of 788?
2, 197
List the prime factors of 2130.
2, 3, 5, 71
What are the prime factors of 767?
13, 59
List the prime factors of 1182.
2, 3, 197
What are the prime factors of 36452?
2, 13, 701
What are the prime factors of 30?
2, 3, 5
List the prime fac